e 15) to base 16.
-ee3c6
Convert 2023411 (base 5) to base 7.
165104
Convert -261d7 (base 15) to base 12.
-5a687
Convert bb786 (base 16) to base 14.
15dba6
721341 (base 8) to base 7
2011524
What is e23597 (base 15) in base 16?
a3f054
-104308 (base 9) to base 12
-30008
What is 13377372 (base 9) in base 12?
2266955
What is 650893 (base 11) in base 2?
11111110000011000101
Convert 1101033011 (base 4) to base 7.
2554043
11203102443 (base 5) to base 9
25547778
Convert -5077293 (base 11) to base 15.
-bc2b6d
What is 100010302 (base 4) in base 14?
19dd0
What is 22135114 (base 6) in base 4?
2202211312
Convert 534164 (base 7) to base 13.
33272
Convert 118696 (base 12) to base 4.
1011123102
Convert 101002120201 (base 3) to base 11.
126328
What is 1221003303 (base 4) in base 15?
87783
What is -11012111020112 (base 3) in base 2?
-1000100001010111101000
Convert -5331446 (base 9) to base 4.
-22321003122
78231 (base 11) to base 10
113411
Convert -114526144 (base 7) to base 16.
-6d195c
What is -207526 (base 9) in base 10?
-123630
77183 (base 9) to base 6
1032550
What is -86eb7 (base 15) in base 13?
-1200c1
Convert 1749767 (base 11) to base 3.
12120220121010
40031000 (base 5) to base 3
120222102011
What is -19cbc (base 15) in base 6?
-1444153
What is -35949 (base 11) in base 4?
-30220020
What is -713a57 (base 11) in base 6?
-40331223
-285d7 (base 15) to base 11
-89398
What is c713 (base 15) in base 2?
1010010001101101
Convert 1514509 (base 13) to base 3.
110122111010121
-54315b (base 12) to base 15
-1b4c38
Convert 11022212001020 (base 3) to base 4.
20301201330
-210303110230 (base 4) to base 5
-4432204104
10021140230 (base 5) to base 4
211323202112
Convert 334743 (base 11) to base 13.
158978
What is 22681788 (base 9) in base 12?
3843182
27643b9 (base 12) to base 16
77b73d
40404204 (base 7) to base 9
6284886
Convert 1424546 (base 7) to base 15.
3ba55
-dcb5c (base 16) to base 10
-904028
Convert 1c497c (base 15) to base 7.
14515443
What is 1011101010101101101 (base 2) in base 11?
241271
What is 101132200110 (base 4) in base 7?
53640561
Convert -65401b9 (base 12) to base 2.
-1001001011010000100011101
-9ab755 (base 12) to base 3
-11122022222202
Convert 1000021020120 (base 3) to base 16.
83091
3415f4 (base 16) to base 4
31001113310
What is 495910 (base 12) in base 10?
1191900
Convert 30441343 (base 5) to base 13.
897bb
Convert -3780 (base 15) to base 14.
-4444
What is 1220112111020 (base 3) in base 10?
1014396
What is 88b647 (base 12) in base 11?
1257240
What is -20212212002121 (base 3) in base 2?
-1101111101000111010000
Convert 101001101000011011011 (base 2) to base 7.
14411136
101101111011011001010 (base 2) to base 15
1eadb5
-16480345 (base 9) to base 7
-130133222
6002564 (base 7) to base 5
140104441
Convert 41053 (base 6) to base 16.
1539
Convert 580426 (base 11) to base 8.
3412417
Convert -4020100 (base 5) to base 13.
-2304a
-12312320 (base 4) to base 13
-ca28
What is 54303312 (base 6) in base 5?
403013041
Convert 49431 (base 11) to base 9.
117426
Convert -20112212200101 (base 3) to base 2.
-1101010001111101111111
266022 (base 10) to base 7
2155401
Convert -3974a (base 11) to base 10.
-56803
10033332131 (base 4) to base 11
6a0a7a
What is -204513222 (base 6) in base 10?
-3586766
What is 622361 (base 10) in base 3?
1011121201102
What is 1030022220 (base 4) in base 10?
311976
4751b9 (base 14) to base 4
21102103233
Convert 52224 (base 14) to base 4.
300111220
-1112268 (base 9) to base 6
-20455525
What is 13200013233 (base 4) in base 10?
1966575
What is 384854 (base 11) in base 2?
10010100000110101000
Convert -1210201001000 (base 3) to base 11.
-5a5291
-41320233 (base 5) to base 15
-6a5cd
Convert -146496 (base 10) to base 6.
-3050120
What is -3577340 (base 8) in base 2?
-11101111111011100000
4324303113 (base 5) to base 15
c1eb3d
What is -223034242 (base 5) in base 15?
-1475d2
Convert 148279 (base 11) to base 2.
111000010010111111
Convert 135877 (base 12) to base 7.
2504431
What is 11001001000101101011 (base 2) in base 8?
3110553
What is -24315013 (base 6) in base 11?
-488199
-9274a6 (base 11) to base 5
-340114113
What is -2642233 (base 7) in base 6?
-11232224
Convert 5143033 (base 6) to base 8.
742175
What is 3894713 (base 10) in base 6?
215251025
-1731c9 (base 13) to base 3
-1002101001210
Convert -461641 (base 7) to base 16.
-1417c
What is -3243517 (base 8) in base 13?
-246133
3a0638 (base 11) to base 16
99e3a
What is -188444 (base 14) in base 16?
-d3e6c
Convert -2116313 (base 11) to base 6.
-211515241
Convert 112220110020121 (base 3) to base 12.
27a0244
What is 164602564 (base 7) in base 3?
210020000011021
24302032 (base 5) to base 8
676050
Convert 26652321 (base 9) to base 6.
1145413031
Convert 5e78a (base 16) to base 7.
3201101
What is -52545 (base 9) in base 11?
-24094
What is 127854 (base 12) in base 13?
a8271
-311124305 (base 6) to base 15
-7131c5
What is 120112021111 (base 3) in base 7?
2412055
What is -577021 (base 8) in base 13?
-6b358
Convert 10011101011011010111110 (base 2) to base 3.
100201002020220
What is -111011120202210 (base 3) in base 5?
-3242431321
Convert 2002201021200 (base 3) to base 5.
241210211
120203030120 (base 4) to base 15
871ca8
Convert -111121121000 (base 3) to base 9.
-447530
Convert 51b53b (base 14) to base 8.
12414141
-40724 (base 11) to base 5
-3400222
What is 4031137 (base 8) in base 13?
2b21b8
-102320020 (base 4) to base 10
-77320
Convert -202124110 (base 5) to base 2.
-11000111100011111101
What is -122002220021100 (base 3) in base 14?
-12c936d
What is -15113501 (base 6) in base 14?
-d88d7
62252410 (base 7) to base 8
23731230
Convert 446116 (base 15) to base 10.
3260496
-122120221112 (base 3) to base 11
-21714a
What is -32855a4 (base 11) in base 5?
-2433330122
What is 404318 (base 12) in base 7?
11344205
Convert 14ec3 (base 15) to base 2.
10000011110000010
1110001011100111011 (base 2) to base 12
1a4b0b
Convert 1100000011110110001111 (base 2) to base 11.
186a2aa
Convert 4527211 (base 8) to base 7.
13256321
Convert -18403 (base 10) to base 14.
-69c7
What is -100202010122 (base 3) in base 16?
-2ed51
-1133304340 (base 5) to base 6
-132250534
Convert 1163c77 (base 13) to base 7.
63466561
What is 10011001001011101100 (base 2) in base 15?
c5d91
1100011101000100111001 (base 2) to base 12
1115449
Convert 1b7677 (base 16) to base 6.
102324223
Convert -26574 (base 12) to base 2.
-1100110110101000
1375455 (base 8) to base 11
248557
What is 167472 (base 8) in base 13?
21b4c
What is -560fc (base 16) in base 12?
-14bbb8
1011100111101010111 (base 2) to base 3
201100022012
What is 11010100110110111 (base 2) in base 4?
122212313
What is -1011010101100100000 (base 2) in base 7?
-3105025
348412 (base 15) to base 5
1120233132
Convert -1aa660 (base 11) to base 6.
-10520415
Convert -1323322033 (base 4) to base 9.
-853177
-314814 (base 9) to base 8
-555625
What is 1010111001100011100 (base 2) in base 8?
1271434
102311333 (base 5) to base 8
1513735
What is 100203233220 (base 4) in base 7?
51616065
Convert 2bb46c (base 15) to base 14.
3d0464
What is 40024024 (base 5) in base 11?
1a5125
Convert -11111112111101 (base 3) to base 16.
-248092
2239328 (base 10) to base 3
11012202210002
Convert -740138 (base 9) to base 14.
-b6355
49ad4a (base 16) to base 7
56020142
What is -14932 (base 13) in base 15?
-b7e1
Convert -1200103320 (base 4) to base 13.
-10a733
Convert -1023543 (base 6) to base 8.
-141667
324311 (base 7) to base 15
11c35
295086 (base 13) to base 8
3666052
What is 2142243300 (base 5) in base 13?
c6a59b
100221122021 (base 3) to base 2
101111110011111110
Convert 212010100222 (base 3) to base 10.
455165
-735040 (base 9) to base 10
-436707
26c314 (base 14) to base 9
2461621
What is -ac95e3 (base 16) in base 6?
-1042231415
Convert -676475 (base 10) to base 4.
-2211021323
What is -2012013031 (base 4) in base 11?
-345797
Convert 7365 (base 8) to base 6.
25421
What is -298975b (base 13) in base 14?
-1a8ab55
-110110100001001100 (base 2) to base 13
-7a847
130550555 (base 6) to base 3
11211022111222
Convert 16040426 (base 8) to base 3.
20221022011122
What is -694077 (base 10) in base 8?
-2513475
2114010 (base 11) to base 9
7005513
2759a7 (base 12) to base 13
19b226
b7815a (base 12) to base 13
7a5417
What is -2067a5 (base 11) in base 6?
-11032350
Convert -30002031